e the third derivative of -1/60*o**5 + 0*o + 0 - 21*o**2 + 23/24*o**4 + 7/6*o**3. List the prime factors of n(23).
7
Suppose -334477 = -4*c + 3*g, -3042*c - 83649 = -3043*c + 5*g. List the prime factors of c.
2, 97, 431
Let f(b) = -359*b + 71. Let v be f(-7). Suppose -7*s + 4*w - v = -11*s, 5*w + 1257 = 2*s. What are the prime factors of s?
641
Let f be 2144/72 + (-6)/(-27). Suppose -5*s + 5*i = -f, -2*s + 5*i = -8 - 13. Suppose 2*y = o + 2*o + 111, -s*o + 330 = 5*y. What are the prime factors of y?
3, 7
Let x(i) = -6 + 26 + 17*i - 5*i + 22. What are the prime factors of x(9)?
2, 3, 5
List the prime factors of 2/(-6) + ((-2)/20 - 10483824/(-1440)).
2, 5, 7, 13
Let q(h) = 4208*h**2 - 131*h - 498. What are the prime factors of q(-4)?
2, 7, 17, 283
Let y(a) = a**2 - a + 2. Let u be y(2). Suppose 3*n + 6 = 3*d, 7*n - d = u*n - 2. Suppose n = 7*v - 2*v - 630. What are the prime factors of v?
2, 3, 7
Let o be -2 + -173293 + -4*15/20. What are the prime factors of (-2)/(-5) + o/(-255)?
2, 5, 17
Suppose 15*s = -25469 + 317879. What are the prime factors of s?
2, 3, 19
Suppose 5*v + 1 + 11 = -u, 5*v - 5*u = -30. List the prime factors of ((-5)/((-30)/14))/(v/(-54)).
2, 3, 7
Suppose -106540 = -12*f - 22840. What are the prime factors of f?
3, 5, 31
Let w(j) = j**2 - 9*j + 10. Let a be w(8). Suppose 4 = a*s - s. Suppose 0 = 3*p + 5*d - 362, -s*p + 540 = 2*d + 48. List the prime factors of p.
2, 31
Let r = -22 - -22. Suppose -q - 9*y + 12*y + 3 = r, y - 4 = 0. List the prime factors of q.
3, 5
Let h(k) = -23*k - 62*k + 60 + 41*k - 28*k - 30*k**2 + k**3. List the prime factors of h(33).
3, 317
Let g(u) be the first derivative of u**4/4 + 10*u**3/3 - 21*u + 1. Let f(t) = -t**2 + 39*t - 117. Let b be f(36). What are the prime factors of g(b)?
2, 3, 5
Let s(t) = 5*t**2 - 7*t + 12. Let y(v) be the third derivative of -v**4/24 + 7*v**3/2 - 16*v**2. Let q be y(17). What are the prime factors of s(q)?
2
Let d(k) = -10*k + 64. Let t be d(8). Let x(j) = 2*j**3 + 34*j**2 - 7*j - 11. What are the prime factors of x(t)?
613
Suppose 12*w - 5*v = 13*w - 62, 3*w - 96 = 3*v. Suppose 44*l - 2975 = w*l. List the prime factors of l.
5, 17
Suppose -7*d = 3251 + 5142. Let l = d + 1801. What are the prime factors of l?
2, 7, 43
Let p = 27119 + -13755. List the prime factors of p.
2, 13, 257
Suppose 4*p = -4*d + 36400, 18194 = -5*p + 7*p + d. List the prime factors of p.
2, 4547
Let g be 4 - 1/(0 - -1). Suppose 6*w = 69 + g. Suppose 5*s = w + 28. What are the prime factors of s?
2
Let j = 898 - -150. Suppose -j*b = -1046*b - 1696. List the prime factors of b.
2, 53
Let b(u) be the second derivative of 47*u**3/3 + 19*u**2 + u - 5. List the prime factors of b(6).
2, 7, 43
Suppose 0 = 133*y + 14*y - 2550744. List the prime factors of y.
2, 3, 241
Let a = -312 + 751. Let r(g) = g**3 - 59*g**2 + 289*g - 12. Let z be r(6). Let v = a + z. What are the prime factors of v?
11, 23
Let o(t) = 8*t**3 - 5*t**2 - 2*t + 10. Let l(u) = 5*u**3 - 4*u**2 + 3*u. Let d be l(1). What are the prime factors of o(d)?
2, 7, 31
Let t(s) = -10*s + 152. Let u be t(15). Suppose 5*l - 3*i + 4371 = 8*l, 5*i - 2899 = -u*l. List the prime factors of l.
2, 17, 43
Let f be (1/3)/(1 + 2/(-3)). List the prime factors of -13*1/(f*5/(-95)).
13, 19
Let m(o) be the third derivative of -o**6/60 - 7*o**5/30 - 7*o**4/12 - 43*o**3/6 + 136*o**2. List the prime factors of m(-10).
17, 41
Suppose -273 - 399 = 8*q. Let c be (13/(455/q))/(2/(-5)). Suppose -d + 3*u - c*u = -106, 5*u + 201 = 2*d. List the prime factors of d.
103
Let u be 2/(8/(-114))*(0 - -6). Let d = u - -373. List the prime factors of d.
2, 101
Suppose 2*w - 5*w + 11929 = j, -4*w + 15932 = -4*j. Let b be 5/(-2)*w/(-15). Suppose 5*u - 2*d = b, -3*u - 2*u + 639 = 4*d. What are the prime factors of u?
131
Let q = -4 - -9. Let n be (-4)/(-6)*(-187 + 190). Suppose 29 = q*h - n*y - 329, -5*h + 362 = -3*y. List the prime factors of h.
2, 5, 7
Suppose i + 3*s - 606 = 5754, 0 = 2*s + 8. What are the prime factors of i?
2, 3, 59
Suppose 322 = -b - 1781. Let x = -1262 - b. What are the prime factors of x?
29
Let g = -9104 - -19437. List the prime factors of g.
10333
Let p(a) = 2 + 257*a - 92*a - 3 + 0. Suppose 5*k + 38 - 15 = -2*c, -c + 2*k = -11. What are the prime factors of p(c)?
2, 41
Suppose -2*o - 2*o = -y + 76, 0 = -2*y - 4*o + 140. Suppose 12*d = y + 108. Suppose 14*g = d*g - 202. List the prime factors of g.
2, 101
Let y(w) = 4*w**3 + 47*w**2 - 12*w + 2. Let s be y(-12). Suppose -2*l + 3*v = -785, l + s*v - v - 390 = 0. What are the prime factors of l?
17, 23
Let i(v) = 70*v**3 + 6*v**2 - 31*v + 5. List the prime factors of i(5).
2, 5, 7
Let n(r) = 2*r - 10. Let q = 22 - 18. Let t be n(q). What are the prime factors of (-4374)/(-36) - 1/t?
2, 61
Let i(f) be the first derivative of 147*f**4/4 - 2*f**3/3 + f**2 + 29. Let p be i(1). Let j = p + -2. List the prime factors of j.
5, 29
Let z = -5044 - -9404. What are the prime factors of z?
2, 5, 109
List the prime factors of -2*11 + 1360320/32.
2, 47, 113
Let z = -15919 + 22854. What are the prime factors of z?
5, 19, 73
Suppose -20*a - 57 - 43 = 0. What are the prime factors of (3070/a)/(3*2/(-3))?
307
Let q be (-5)/(-10) + -3 + (-708)/(-8). Let n = q - 135. Let m = n + 67. What are the prime factors of m?
2, 3
Let k(v) be the second derivative of v**5/20 + 7*v**4/12 + 13*v**3/6 + 29*v**2/2 - v. Let r be k(-7). Let m = r + 156. What are the prime factors of m?
2, 47
Let d be (237 - 0)*(-13)/(-39). Let r = d + -42. List the prime factors of r.
37
Let i = 2116 + -890. What are the prime factors of (1/(-2))/((-1)/i)?
613
Suppose -2*v = -5*v + 2*f - 237, 5*v = 2*f - 395. Let w = v - -84. List the prime factors of -3 + w - (4 + -97).
5, 19
Let q(k) = -2*k**3 - k + 55. Let p be q(0). List the prime factors of (-4160)/(-11) + -1*10/p.
2, 3, 7
Suppose 70*m - 588060 = 1055567 + 35183. What are the prime factors of m?
29, 827
Suppose 8003 = 4*o - 2*u - 7061, -4*o + 3*u + 15060 = 0. Suppose -844 + o = 17*j. What are the prime factors of j?
2, 43
Let k = 99 - 71. Suppose -8*s - k = -10*s. Suppose -3*u + 118 = -s. What are the prime factors of u?
2, 11
Let x(i) = -3*i**2 - 16*i + 18. Let y be x(-6). Let o(v) = 3*v**3 - 5*v**2 - v + 19. What are the prime factors of o(y)?
13, 37
Let n(d) = 76*d - 89. Let y(h) = h**2 - 2*h + 1. Let r be y(4). List the prime factors of n(r).
5, 7, 17
Suppose -1352*u = -1386*u + 119952. List the prime factors of u.
2, 3, 7
Suppose -4*f + 27 = -f. Suppose 4*r - f*g + 5*g - 1140 = 0, -2*g - 859 = -3*r. What are the prime factors of r?
17
Let f(o) = o**3 - 19*o**2 + 7*o - 4. Let v be -2 + 4/(-2)*1 + 20. Let k be (v/(-4) + 23)*(0 - -1). List the prime factors of f(k).
3, 43
Let n = -176 - -180. Suppose -p + 447 = n*r - 1026, -2*r + 2*p + 724 = 0. What are the prime factors of r?
367
Let c = -726 - -213. Let g = 2349 + c. Suppose 0 = -12*f - 5*f + g. List the prime factors of f.
2, 3
Let p(m) = 880*m**2 - 5*m - 14. List the prime factors of p(-3).
89
Suppose -8*k = 4306 - 19794. What are the prime factors of k?
2, 11
Let u be 2701344/224 - (-3)/7*1. Suppose -8*m + u = m. List the prime factors of m.
2, 5, 67
Suppose 4*y - 9*y + 1916 = -r, 3*r = -3. Let q = -150 + y. What are the prime factors of q?
233
Suppose 4 = -2*c, -3*p - 19*c = -23*c - 38219. List the prime factors of p.
47, 271
Let y(x) = -2398*x - 7687. List the prime factors of y(-29).
5, 89, 139
Suppose -3*j - o + 5 + 1 = 0, 2*o + 12 = 2*j. Suppose 0 = j*i + 2*i - 610. Let p = -53 + i. List the prime factors of p.
3, 23
Let p be 93/(-62) + (-17)/(-2) + -2. Suppose p*r = -218 + 1713. What are the prime factors of r?
13, 23
Suppose 6*v - 2*n - 12565 - 1779 = 0, -4*n = -28. What are the prime factors of v?
2393
Let w = 26176 - 25801. List the prime factors of w.
3, 5
Suppose -30*i - 2272 = -34*i. Suppose -3*c - 5*c + i = 0. Suppose -74*a + 381 = -c*a. What are the prime factors of a?
127
Suppose 0 = 1137*p - 1144*p + 96516. What are the prime factors of p?
2, 3, 383
Let d = 4431 + -751. List the prime factors of d.
2, 5, 23
Let v(o) = 3*o**2 + 6*o - 16. Let c(h) = -h**2 + 1. Let n(t) = -4*c(t) - v(t). Let g = 1230 - 1218. What are the prime factors of n(g)?
2, 3, 7
Suppose 3564*b + 4947 = 3567*b. What are the prime factors of b?
17, 97
Let i = 1